8584193
List the prime factors of 37714596.
2, 3, 1213, 2591
List the prime factors of 3646022068.
2, 13, 70115809
List the prime factors of 1538647472.
2, 563, 170809
List the prime factors of 64297796.
2, 16074449
List the prime factors of 114477776.
2, 7, 1022123
What are the prime factors of 2366121277?
13, 311, 587, 997
What are the prime factors of 35310435?
3, 5, 179, 13151
What are the prime factors of 476241622?
2, 238120811
What are the prime factors of 179665716?
2, 3, 14972143
What are the prime factors of 2342823128?
2, 37, 7914943
What are the prime factors of 646549948?
2, 11, 1335847
List the prime factors of 4234154715.
3, 5, 7, 29, 17167
List the prime factors of 74478417.
3, 13, 1909703
What are the prime factors of 380655453?
3, 126885151
List the prime factors of 28448199.
3, 13, 81049
What are the prime factors of 252966685?
5, 599, 84463
List the prime factors of 1339546124.
2, 7, 6834419
List the prime factors of 423480080.
2, 5, 5293501
What are the prime factors of 45488350?
2, 5, 909767
List the prime factors of 37472234.
2, 29, 646073
List the prime factors of 37107559.
29, 37, 34583
What are the prime factors of 6734844993?
3, 353, 6359627
List the prime factors of 890229412.
2, 17, 103, 127103
What are the prime factors of 104389486?
2, 17, 379, 8101
List the prime factors of 853062248.
2, 1511, 70571
List the prime factors of 1419423027.
3, 11, 157, 273967
What are the prime factors of 453489053?
453489053
What are the prime factors of 56746431?
3, 7, 900737
List the prime factors of 128382387.
3, 7, 241, 25367
What are the prime factors of 311698201?
311698201
What are the prime factors of 2250901539?
3, 103, 2428157
What are the prime factors of 134585649?
3, 11, 137, 9923
List the prime factors of 308399617.
23, 13408679
What are the prime factors of 2269059252?
2, 3, 67, 2822213
What are the prime factors of 30667539?
3, 7, 19, 101, 761
List the prime factors of 322210288.
2, 499, 40357
List the prime factors of 1102281557.
13, 84790889
List the prime factors of 114400428.
2, 3, 9533369
List the prime factors of 3985186626.
2, 3, 1429, 154933
List the prime factors of 111024769.
10477, 10597
What are the prime factors of 45020398?
2, 43, 523493
What are the prime factors of 165560364?
2, 3, 4598899
What are the prime factors of 79545489?
3, 71, 373453
List the prime factors of 1964617516.
2, 491154379
List the prime factors of 1949886222.
2, 3, 324981037
What are the prime factors of 9473588?
2, 43, 55079
List the prime factors of 6196770588.
2, 3, 516397549
What are the prime factors of 345392709?
3, 115130903
What are the prime factors of 91228137?
3, 7, 11, 13, 17, 1787
List the prime factors of 233012431.
233012431
List the prime factors of 393364012.
2, 307, 320329
List the prime factors of 615239104.
2, 9613111
List the prime factors of 5894632779.
3, 7, 280696799
What are the prime factors of 91854271?
31, 2963041
List the prime factors of 7596585432.
2, 3, 35169377
What are the prime factors of 115042634?
2, 7, 8217331
What are the prime factors of 44892705?
3, 5, 11, 13, 20929
What are the prime factors of 657888626?
2, 328944313
What are the prime factors of 297927515?
5, 31, 37, 51949
List the prime factors of 378089639.
17, 367, 60601
What are the prime factors of 3244905?
3, 5, 72109
List the prime factors of 358484227.
358484227
What are the prime factors of 4556084195?
5, 13, 19, 3689137
What are the prime factors of 99610803?
3, 17, 24113
What are the prime factors of 281300889?
3, 1049, 89387
What are the prime factors of 22207042?
2, 11, 13, 77647
What are the prime factors of 2914271244?
2, 3, 26983993
List the prime factors of 2623307946.
2, 3, 7, 101, 618413
What are the prime factors of 82102221?
3, 3040823
List the prime factors of 54301760.
2, 5, 169693
List the prime factors of 10560108.
2, 3, 13, 139, 487
What are the prime factors of 430893456?
2, 3, 7, 183203
What are the prime factors of 3009327186?
2, 3, 47, 349, 30577
List the prime factors of 53088618.
2, 3, 11, 29, 27737
What are the prime factors of 75473140?
2, 5, 3773657
What are the prime factors of 117588285?
3, 5, 2613073
What are the prime factors of 26061220?
2, 5, 1303061
What are the prime factors of 1899527437?
1899527437
List the prime factors of 1658524904.
2, 199, 1041787
What are the prime factors of 65320140?
2, 3, 5, 1088669
What are the prime factors of 141261783?
3, 13, 3622097
List the prime factors of 509168285.
5, 37, 2752261
What are the prime factors of 1948100614?
2, 17053, 57119
List the prime factors of 485895151.
7, 19, 661, 5527
What are the prime factors of 13246378?
2, 347, 19087
List the prime factors of 495647641.
495647641
What are the prime factors of 671467858?
2, 335733929
What are the prime factors of 275714928?
2, 3, 19, 11197
List the prime factors of 1088133637.
17, 59, 197, 5507
What are the prime factors of 798691338?
2, 3, 4013, 11057
List the prime factors of 347484567.
3, 613, 188953
List the prime factors of 3026700306.
2, 3, 7, 269, 12757
List the prime factors of 4283520409.
7, 611931487
What are the prime factors of 46624513?
13, 43, 83407
What are the prime factors of 84209889?
3, 211, 133033
What are the prime factors of 58641188?
2, 14660297
What are the prime factors of 316359975?
3, 5, 19, 222007
What are the prime factors of 435103982?
2, 251, 431, 2011
What are the prime factors of 1412387245?
5, 43, 6569243
What are the prime factors of 52328089?
11, 241, 19739
List the prime factors of 6783081049.
127, 1523, 35069
What are the prime factors of 219143863?
219143863
What are the prime factors of 1505412292?
2, 509, 739397
What are the prime factors of 39475214?
2, 31, 636697
List the prime factors of 8078500.
2, 5, 107, 151
List the prime factors of 76144140.
2, 3, 5, 29, 503
What are the prime factors of 604289222?
2, 302144611
List the prime factors of 1948905400.
2, 5, 13, 53, 14143
What are the prime factors of 228324780?
2, 3, 5, 37, 34283
List the prime factors of 1392544097.
7, 3449, 57679
What are the prime factors of 724008746?
2, 1297, 279109
List the prime factors of 198679427.
198679427
What are the prime factors of 29518568?
2, 23, 137, 1171
List the prime factors of 1427678321.
193, 509, 14533
List the prime factors of 206174827.
17, 1399, 8669
List the prime factors of 3417367941.
3, 13, 9736091
List the prime factors of 762525116.
2, 229, 832451
List the prime factors of 87558711.
3, 29186237
List the prime factors of 52881579.
3, 19, 34361
What are the prime factors of 1881156228?
2, 3, 7, 22394717
What are the prime factors of 2720665885?
5, 7, 29, 281, 9539
What are the prime factors of 148806351?
3, 53, 311963
List the prime factors of 109945439.
109945439
List the prime factors of 343103036.
2, 85775759
What are the prime factors of 105741023?
19, 47, 118411
What are the prime factors of 1789540585?
5, 7, 211, 443, 547
What are the prime factors of 1282915798?
2, 641457899
What are the prime factors of 1279056880?
2, 5, 17, 940483
List the prime factors of 76543534.
2, 1489, 25703
What are the prime factors of 179770345?
5, 59, 609391
What are the prime factors of 39700615?
5, 31, 256133
List the prime factors of 85603759.
19, 293, 15377
What are the prime factors of 34680966?
2, 3, 19, 109, 2791
List the prime factors of 18526642.
2, 1871, 4951
What are the prime factors of 2491936856?
2, 1777, 175291
List the prime factors of 277514567.
11, 83, 303959
List the prime factors of 72813556.
2, 2203, 8263
What are the prime factors of 100789981?
100789981
List the prime factors of 530367720.
2, 3, 5, 4419731
List the prime factors of 55357908.
2, 3, 1931, 2389
What are the prime factors of 101337817?
7, 14476831
List the prime factors of 1259843264.
2, 103, 383, 499
List the prime factors of 395235160.
2, 5, 257, 38447
What are the prime factors of 9029796?
2, 3, 752483
What are the prime factors of 1453468199?
7459, 194861
What are the prime factors of 5805331969?
29, 71, 2819491
List the prime factors of 53101387.
17, 3123611
What are the prime factors of 38146296?
2, 3, 73, 21773
List the prime factors of 96184527.
3, 32061509
What are the prime factors of 107929030?
2, 5, 11, 981173
List the prime factors of 619488000.
2, 3, 5, 239
What are the